{"id":3662,"date":"2015-11-26T12:46:27","date_gmt":"2015-11-26T12:46:27","guid":{"rendered":"http:\/\/grupogmx.com.br\/site\/?page_id=3662"},"modified":"2017-12-13T22:13:25","modified_gmt":"2017-12-13T22:13:25","slug":"projetos","status":"publish","type":"page","link":"http:\/\/grupogmx.com.br\/grupogmx\/index.php\/cbma-construcoes\/projetos\/","title":{"rendered":"Projetos"},"content":{"rendered":" [vc_row][vc_column]<a name=\"toc_institucional\" id=\"toc_institucional\" class=\"sc_anchor\" title=\"\" data-description=\"\" data-icon=\"none\" data-url=\"#toc_institucional\" data-separator=\"no\"><\/a><div class=\"sc_section\" style=\"color:#7d7d74;background-color:#f2f2e2;\"><div class=\"sc_content main\"><h2 class=\"sc_title sc_title_regular h1p\" style=\"margin-top:100px;margin-bottom:10px;text-align:center;color:#8a8a7b;font-weight:400;\">Infraestrutura, constru\u00e7\u00f5es e<br \/>\nsolu\u00e7\u00f5es ambientais<\/h2>[vc_column_text] <h6 style=\"text-align: center;\">Com mais de 40 anos de atua\u00e7\u00e3o, o Grupo desenvolve e executa projetos de diferentes portes e segmentos para o setor p\u00fablico e privado. Em busca da excel\u00eancia aliamos o conhecimento t\u00e9cnico da nossa equipe altamente qualificada com o que h\u00e1 de mais moderno em constru\u00e7\u00e3o e solu\u00e7\u00f5es ambientais.<\/h6>\n<h6 style=\"text-align: center;\">O Grupo GMX no segmento de Infraestrutura, constru\u00e7\u00f5es e solu\u00e7\u00f5es ambientais \u00e9 formada por tr\u00eas empresas: CBMA Solu\u00e7\u00f5es Ambientais, AMX Constru\u00e7\u00f5es e Costa Brava Infraestrutura<\/h6> [\/vc_column_text]<div class=\"columnsWrap sc_columns sc_columns_count_5\" style=\"margin-top:20px;\"><div class=\"columns1_5 sc_column_item sc_column_item_1 odd first\"><\/div><div class=\"columns1_5 sc_column_item sc_column_item_2 even\">[vc_column_text]<img loading=\"lazy\" class=\"aligncenter size-full wp-image-4545\" src=\"http:\/\/grupogmx.com.br\/grupogmx\/wp-content\/uploads\/2015\/11\/logo-cbma.png\" alt=\"\" width=\"112\" height=\"42\" \/>[\/vc_column_text]<\/div><div class=\"columns1_5 sc_column_item sc_column_item_3 odd\">[vc_column_text]<img loading=\"lazy\" class=\"aligncenter size-full wp-image-4544\" src=\"http:\/\/grupogmx.com.br\/grupogmx\/wp-content\/uploads\/2015\/11\/logo-amx.png\" alt=\"\" width=\"95\" height=\"44\" \/>[\/vc_column_text]<\/div><div class=\"columns1_5 sc_column_item sc_column_item_4 even\">[vc_column_text]<img loading=\"lazy\" class=\"aligncenter size-full wp-image-4546\" src=\"http:\/\/grupogmx.com.br\/grupogmx\/wp-content\/uploads\/2015\/11\/logo-costa.png\" alt=\"\" width=\"170\" height=\"31\" \/>[\/vc_column_text]<\/div><div class=\"columns1_5 sc_column_item sc_column_item_5 odd\"><\/div><\/div>[vc_empty_space height=&#8221;70px&#8221;]<\/div><\/div>[\/vc_column][\/vc_row][vc_row][vc_column]<a name=\"area_atuacao\" id=\"area_atuacao\" class=\"sc_anchor\" title=\"\" data-description=\"\" data-icon=\"none\" data-url=\"#area_atuacao\" data-separator=\"no\"><\/a>[\/vc_column][\/vc_row][vc_row][vc_column]<h2 class=\"sc_title sc_title_regular h1p\" style=\"margin-top:100px;margin-bottom:10px;text-align:center;color:#8a8a7b;font-weight:400;\"> <p style=\"text-align: center;\">Projetos <\/h2><div class=\"sc_content main\" style=\"margin-top:30px !important;\"><div id=\"sc_blogger_1669259291\" class=\"sc_blogger sc_blogger_horizontal style_classic4 masonryWrap\"><section class=\"masonry isotopeNOanim\" data-columns=\"4\"><article class=\"isotopeElement post_format_standard odd\">\n\t<div class=\"isotopePadding\">\n\t\t<h4><a href=\"http:\/\/grupogmx.com.br\/grupogmx\/index.php\/aparecida-shopping\/\">Aparecida Shopping!!!<\/a><\/h4>        <p>\n\t\tMais uma obra conclu\u00edda e entregue &#8211...\t\t<\/p>\n\t\t\t\t<div class=\"masonryInfo\">Posted <a href=\"http:\/\/grupogmx.com.br\/grupogmx\/index.php\/aparecida-shopping\/\" class=\"post_date\">21 de June de 2017<\/a><\/div>\n\t\t<div class=\"masonryMore\">\n\t\t\t<ul>\n\t<li class=\"squareButton dark\"><a title=\"Veja Mais\" href=\"http:\/\/grupogmx.com.br\/grupogmx\/index.php\/aparecida-shopping\/\">Veja Mais<\/a><\/li>\n\t<li class=\"squareButton light ico\"><a class=\"icon-comment-3\" title=\"Comments - 0\" href=\"http:\/\/grupogmx.com.br\/grupogmx\/index.php\/aparecida-shopping\/#respond\">0<\/a><\/li>\n<\/ul>\n\t\t<\/div>\n\t\t\t\t<span class=\"inlineShadow\"><\/span>\n\t<div>\n<\/article>\n<article class=\"isotopeElement post_format_standard even\">\n\t<div class=\"isotopePadding\">\n\t\t<h4><a href=\"http:\/\/grupogmx.com.br\/grupogmx\/index.php\/piso-tatil-obrigatorio\/\">Piso T\u00e1til Obrigat\u00f3rio<\/a><\/h4>        <p>\n\t\tPiso T\u00e1til de acordo com o Decreto n. 3057...\t\t<\/p>\n\t\t\t\t<div class=\"masonryInfo\">Posted <a href=\"http:\/\/grupogmx.com.br\/grupogmx\/index.php\/piso-tatil-obrigatorio\/\" class=\"post_date\">19 de June de 2017<\/a><\/div>\n\t\t<div class=\"masonryMore\">\n\t\t\t<ul>\n\t<li class=\"squareButton dark\"><a title=\"Veja Mais\" href=\"http:\/\/grupogmx.com.br\/grupogmx\/index.php\/piso-tatil-obrigatorio\/\">Veja Mais<\/a><\/li>\n\t<li class=\"squareButton light ico\"><a class=\"icon-comment-3\" title=\"Comments - 0\" href=\"http:\/\/grupogmx.com.br\/grupogmx\/index.php\/piso-tatil-obrigatorio\/#respond\">0<\/a><\/li>\n<\/ul>\n\t\t<\/div>\n\t\t\t\t<span class=\"inlineShadow\"><\/span>\n\t<div>\n<\/article>\n<article class=\"isotopeElement post_format_standard odd\">\n\t<div class=\"isotopePadding\">\n\t\t<h4><a href=\"http:\/\/grupogmx.com.br\/grupogmx\/index.php\/piso-tatil-decreto-n-3057\/\">Campo Society<\/a><\/h4>        <p>\n\t\tPara quem est\u00e1 pensando em ter seu pr\u00f3prio...\t\t<\/p>\n\t\t\t\t<div class=\"masonryInfo\">Posted <a href=\"http:\/\/grupogmx.com.br\/grupogmx\/index.php\/piso-tatil-decreto-n-3057\/\" class=\"post_date\">19 de June de 2017<\/a><\/div>\n\t\t<div class=\"masonryMore\">\n\t\t\t<ul>\n\t<li class=\"squareButton dark\"><a title=\"Veja Mais\" href=\"http:\/\/grupogmx.com.br\/grupogmx\/index.php\/piso-tatil-decreto-n-3057\/\">Veja Mais<\/a><\/li>\n\t<li class=\"squareButton light ico\"><a class=\"icon-comment-3\" title=\"Comments - 0\" href=\"http:\/\/grupogmx.com.br\/grupogmx\/index.php\/piso-tatil-decreto-n-3057\/#respond\">0<\/a><\/li>\n<\/ul>\n\t\t<\/div>\n\t\t\t\t<span class=\"inlineShadow\"><\/span>\n\t<div>\n<\/article>\n<article class=\"isotopeElement post_format_standard even\">\n\t<div class=\"isotopePadding\">\n\t\t<h4><a href=\"http:\/\/grupogmx.com.br\/grupogmx\/index.php\/galeria-pluviais-bairro-jardim-florenca-aparecida-de-goiania-2\/\">Galeria Pluviais \u2013 Bairro Jardim Floren\u00e7a \u2013 Aparecida de Goi\u00e2nia.<\/a><\/h4>        <p>\n\t\tObjeto: Presta\u00e7\u00e3o de servi\u00e7os e fornecimento...\t\t<\/p>\n\t\t\t\t<div class=\"masonryInfo\">Posted <a href=\"http:\/\/grupogmx.com.br\/grupogmx\/index.php\/galeria-pluviais-bairro-jardim-florenca-aparecida-de-goiania-2\/\" class=\"post_date\">26 de January de 2016<\/a><\/div>\n\t\t<div class=\"masonryMore\">\n\t\t\t<ul>\n\t<li class=\"squareButton dark\"><a title=\"Veja Mais\" href=\"http:\/\/grupogmx.com.br\/grupogmx\/index.php\/galeria-pluviais-bairro-jardim-florenca-aparecida-de-goiania-2\/\">Veja Mais<\/a><\/li>\n\t<li class=\"squareButton light ico\"><a class=\"icon-comment-3\" title=\"Comments - 0\" href=\"http:\/\/grupogmx.com.br\/grupogmx\/index.php\/galeria-pluviais-bairro-jardim-florenca-aparecida-de-goiania-2\/#respond\">0<\/a><\/li>\n<\/ul>\n\t\t<\/div>\n\t\t\t\t<span class=\"inlineShadow\"><\/span>\n\t<div>\n<\/article>\n<article class=\"isotopeElement post_format_standard odd\">\n\t<div class=\"isotopePadding\">\n\t\t<h4><a href=\"http:\/\/grupogmx.com.br\/grupogmx\/index.php\/loteamento-mundo-novo\/\">Loteamento Mundo Novo<\/a><\/h4>        <p>\n\t\tObjeto Presta\u00e7\u00e3o de servi\u00e7os e fornecimento de...\t\t<\/p>\n\t\t\t\t<div class=\"masonryInfo\">Posted <a href=\"http:\/\/grupogmx.com.br\/grupogmx\/index.php\/loteamento-mundo-novo\/\" class=\"post_date\">11 de December de 2015<\/a><\/div>\n\t\t<div class=\"masonryMore\">\n\t\t\t<ul>\n\t<li class=\"squareButton dark\"><a title=\"Veja Mais\" href=\"http:\/\/grupogmx.com.br\/grupogmx\/index.php\/loteamento-mundo-novo\/\">Veja Mais<\/a><\/li>\n\t<li class=\"squareButton light ico\"><a class=\"icon-comment-3\" title=\"Comments - 0\" href=\"http:\/\/grupogmx.com.br\/grupogmx\/index.php\/loteamento-mundo-novo\/#respond\">0<\/a><\/li>\n<\/ul>\n\t\t<\/div>\n\t\t\t\t<span class=\"inlineShadow\"><\/span>\n\t<div>\n<\/article>\n<article class=\"isotopeElement post_format_standard even\">\n\t<div class=\"isotopePadding\">\n\t\t<h4><a href=\"http:\/\/grupogmx.com.br\/grupogmx\/index.php\/via-02-em-ceilandia-df\/\">Via 02 em Ceil\u00e2ndia &#8211; DF<\/a><\/h4>        <p>\n\t\tPavimenta\u00e7\u00e3o asf\u00e1ltica e meios-fios da Via 02...\t\t<\/p>\n\t\t\t\t<div class=\"masonryInfo\">Posted <a href=\"http:\/\/grupogmx.com.br\/grupogmx\/index.php\/via-02-em-ceilandia-df\/\" class=\"post_date\">7 de December de 2015<\/a><\/div>\n\t\t<div class=\"masonryMore\">\n\t\t\t<ul>\n\t<li class=\"squareButton dark\"><a title=\"Veja Mais\" href=\"http:\/\/grupogmx.com.br\/grupogmx\/index.php\/via-02-em-ceilandia-df\/\">Veja Mais<\/a><\/li>\n\t<li class=\"squareButton light ico\"><a class=\"icon-comment-3\" title=\"Comments - 0\" href=\"http:\/\/grupogmx.com.br\/grupogmx\/index.php\/via-02-em-ceilandia-df\/#respond\">0<\/a><\/li>\n<\/ul>\n\t\t<\/div>\n\t\t\t\t<span class=\"inlineShadow\"><\/span>\n\t<div>\n<\/article>\n<article class=\"isotopeElement post_format_standard odd\">\n\t<div class=\"isotopePadding\">\n\t\t<h4><a href=\"http:\/\/grupogmx.com.br\/grupogmx\/index.php\/implantacao-da-go-468br-030\/\">Implanta\u00e7\u00e3o da GO-468\/BR-030<\/a><\/h4>        <p>\n\t\t. \u00a024,400 km pavimentados na divisa entre...\t\t<\/p>\n\t\t\t\t<div class=\"masonryInfo\">Posted <a href=\"http:\/\/grupogmx.com.br\/grupogmx\/index.php\/implantacao-da-go-468br-030\/\" class=\"post_date\">7 de December de 2015<\/a><\/div>\n\t\t<div class=\"masonryMore\">\n\t\t\t<ul>\n\t<li class=\"squareButton dark\"><a title=\"Veja Mais\" href=\"http:\/\/grupogmx.com.br\/grupogmx\/index.php\/implantacao-da-go-468br-030\/\">Veja Mais<\/a><\/li>\n\t<li class=\"squareButton light ico\"><a class=\"icon-comment-3\" title=\"Comments - 0\" href=\"http:\/\/grupogmx.com.br\/grupogmx\/index.php\/implantacao-da-go-468br-030\/#respond\">0<\/a><\/li>\n<\/ul>\n\t\t<\/div>\n\t\t\t\t<span class=\"inlineShadow\"><\/span>\n\t<div>\n<\/article>\n<article class=\"isotopeElement post_format_standard even\">\n\t<div class=\"isotopePadding\">\n\t\t<h4><a href=\"http:\/\/grupogmx.com.br\/grupogmx\/index.php\/implantacao-da-go-220-2\/\">Implanta\u00e7\u00e3o da GO-220<\/a><\/h4>        <p>\n\t\t18,65 km de rodovia entre o Km 30 (Montividiu)...\t\t<\/p>\n\t\t\t\t<div class=\"masonryInfo\">Posted <a href=\"http:\/\/grupogmx.com.br\/grupogmx\/index.php\/implantacao-da-go-220-2\/\" class=\"post_date\">7 de December de 2015<\/a><\/div>\n\t\t<div class=\"masonryMore\">\n\t\t\t<ul>\n\t<li class=\"squareButton dark\"><a title=\"Veja Mais\" href=\"http:\/\/grupogmx.com.br\/grupogmx\/index.php\/implantacao-da-go-220-2\/\">Veja Mais<\/a><\/li>\n\t<li class=\"squareButton light ico\"><a class=\"icon-comment-3\" title=\"Comments - 0\" href=\"http:\/\/grupogmx.com.br\/grupogmx\/index.php\/implantacao-da-go-220-2\/#respond\">0<\/a><\/li>\n<\/ul>\n\t\t<\/div>\n\t\t\t\t<span class=\"inlineShadow\"><\/span>\n\t<div>\n<\/article>\n<article class=\"isotopeElement post_format_standard odd\">\n\t<div class=\"isotopePadding\">\n\t\t<h4><a href=\"http:\/\/grupogmx.com.br\/grupogmx\/index.php\/araguaia\/\">Setores Jd. Ipanema, Jd. Rio Grande e Araguaia<\/a><\/h4>        <p>\n\t\tTerraplenagem, pavimenta\u00e7\u00e3o e galerias...\t\t<\/p>\n\t\t\t\t<div class=\"masonryInfo\">Posted <a href=\"http:\/\/grupogmx.com.br\/grupogmx\/index.php\/araguaia\/\" class=\"post_date\">1 de September de 2014<\/a><\/div>\n\t\t<div class=\"masonryMore\">\n\t\t\t<ul>\n\t<li class=\"squareButton dark\"><a title=\"Veja Mais\" href=\"http:\/\/grupogmx.com.br\/grupogmx\/index.php\/araguaia\/\">Veja Mais<\/a><\/li>\n\t<li class=\"squareButton light ico\"><a class=\"icon-comment-3\" title=\"Comments - 0\" href=\"http:\/\/grupogmx.com.br\/grupogmx\/index.php\/araguaia\/#respond\">0<\/a><\/li>\n<\/ul>\n\t\t<\/div>\n\t\t\t\t<span class=\"inlineShadow\"><\/span>\n\t<div>\n<\/article>\n<\/section><\/div><\/div>[\/vc_column][\/vc_row][vc_row][vc_column][vc_column_text][\/vc_column_text][\/vc_column][\/vc_row][vc_row css=&#8221;.vc_custom_1512680177301{background-color: #f2f2e2 !important;}&#8221;][vc_column]<div class=\"sc_section\" style=\"background-color:#f2f2e2;color:#ffffff\"><div class=\"sc_content main\" style=\"margin-top:50px !important;color:FFF\"><div class=\"columnsWrap sc_columns sc_columns_count_1\"><div class=\"columns1_1 sc_column_item sc_column_item_1 odd first\" style=\"text-align:center;;\">[vc_column_text css=&#8221;.vc_custom_1512994938468{padding-bottom: 0px !important;}&#8221;]<img loading=\"lazy\" class=\"aligncenter size-full wp-image-4680\" src=\"http:\/\/grupogmx.com.br\/grupogmx\/wp-content\/uploads\/2015\/11\/marcas-website.png\" alt=\"\" width=\"487\" height=\"50\" srcset=\"http:\/\/grupogmx.com.br\/grupogmx\/wp-content\/uploads\/2015\/11\/marcas-website.png 487w, http:\/\/grupogmx.com.br\/grupogmx\/wp-content\/uploads\/2015\/11\/marcas-website-300x31.png 300w\" sizes=\"(max-width: 487px) 100vw, 487px\" \/><img loading=\"lazy\" class=\"aligncenter\" src=\"http:\/\/grupogmx.com.br\/wp-content\/uploads\/2015\/11\/marca_cbma_033-195x120.png\" alt=\"\" width=\"195\" height=\"120\" \/>[\/vc_column_text]<\/div><\/div><div class=\"columnsWrap sc_columns sc_columns_count_2\"><div class=\"columns1_2 sc_column_item sc_column_item_1 odd first\" style=\"text-align:right;;\">[vc_column_text] <p style=\"text-align: right;\"><span style=\"color: #030303;\">Av. Cesar Lattes, 131, Novo Horizonte<br \/>\nCEP 74.363-400 | Goi\u00e2nia \u2013 GO<br \/>\n<\/span> [\/vc_column_text]<\/div><div class=\"columns1_2 sc_column_item sc_column_item_2 even\" style=\"text-align:left;;\">[vc_column_text]<span style=\"color: #030303;\">62 3093.3828<br \/>\ncontato@cbmaconstrucoes.com.br<\/span>[\/vc_column_text]<\/div><\/div><\/div><\/div>[\/vc_column][\/vc_row] ","protected":false},"excerpt":{"rendered":" [vc_row][vc_column][\/vc_column][\/vc_row][vc_row][vc_column][\/vc_column][\/vc_row][vc_row][vc_column][\/vc_column][\/vc_row][vc_row][vc_column][vc_column_text][\/vc_column_text][\/vc_column][\/vc_row][vc_row css=&#8221;.vc_custom_1512680177301{background-color: #f2f2e2 !important;}&#8221;][vc_column][\/vc_column][\/vc_row] ","protected":false},"author":1,"featured_media":0,"parent":3581,"menu_order":0,"comment_status":"closed","ping_status":"closed","template":"","meta":[],"_links":{"self":[{"href":"http:\/\/grupogmx.com.br\/grupogmx\/index.php\/wp-json\/wp\/v2\/pages\/3662"}],"collection":[{"href":"http:\/\/grupogmx.com.br\/grupogmx\/index.php\/wp-json\/wp\/v2\/pages"}],"about":[{"href":"http:\/\/grupogmx.com.br\/grupogmx\/index.php\/wp-json\/wp\/v2\/types\/page"}],"author":[{"embeddable":true,"href":"http:\/\/grupogmx.com.br\/grupogmx\/index.php\/wp-json\/wp\/v2\/users\/1"}],"replies":[{"embeddable":true,"href":"http:\/\/grupogmx.com.br\/grupogmx\/index.php\/wp-json\/wp\/v2\/comments?post=3662"}],"version-history":[{"count":46,"href":"http:\/\/grupogmx.com.br\/grupogmx\/index.php\/wp-json\/wp\/v2\/pages\/3662\/revisions"}],"predecessor-version":[{"id":4700,"href":"http:\/\/grupogmx.com.br\/grupogmx\/index.php\/wp-json\/wp\/v2\/pages\/3662\/revisions\/4700"}],"up":[{"embeddable":true,"href":"http:\/\/grupogmx.com.br\/grupogmx\/index.php\/wp-json\/wp\/v2\/pages\/3581"}],"wp:attachment":[{"href":"http:\/\/grupogmx.com.br\/grupogmx\/index.php\/wp-json\/wp\/v2\/media?parent=3662"}],"curies":[{"name":"wp","href":"https:\/\/api.w.org\/{rel}","templated":true}]}}